lse
Is 3578713 a prime number?
False
Is 195032021 composite?
False
Is 29934439 a composite number?
False
Is 13861049 prime?
True
Is 72665053 a composite number?
True
Is 6900301 a composite number?
False
Is 64031921 a composite number?
False
Is 50308813 composite?
False
Is 54017801 a prime number?
False
Is 248840531 a composite number?
False
Is 1187532989 a composite number?
False
Is 38521583 a composite number?
True
Is 27719591 composite?
True
Is 498937 prime?
True
Is 2652473 prime?
True
Is 1269389 a composite number?
True
Is 12473387 prime?
False
Is 2811485 prime?
False
Is 51381349 a prime number?
False
Is 1520887 composite?
False
Is 179477039 a composite number?
True
Is 1609627 a composite number?
False
Is 223207 a prime number?
True
Is 25012679 prime?
True
Is 2113193 composite?
True
Is 30104311 a composite number?
False
Is 3200251 a prime number?
True
Is 9092639 a prime number?
False
Is 30073619 a composite number?
True
Is 10773041 prime?
True
Is 2610161 prime?
True
Is 53391551 prime?
True
Is 107652439 composite?
True
Is 21410647 a prime number?
True
Is 175649251 composite?
False
Is 196199 a prime number?
False
Is 6547543 prime?
False
Is 6099398 a prime number?
False
Is 31261987 a composite number?
False
Is 1675259 a prime number?
True
Is 49395551 a composite number?
False
Is 3081829 prime?
False
Is 315333917 prime?
True
Is 5139179 a prime number?
True
Is 55619 a composite number?
False
Is 6527789 prime?
True
Is 32065637 a composite number?
False
Is 5593667 composite?
False
Is 2075971 prime?
False
Is 935147 a composite number?
False
Is 2640137 composite?
False
Is 9104723 a prime number?
True
Is 95181841 composite?
False
Is 3564283 a composite number?
False
Is 188107 prime?
True
Is 6400999 a prime number?
False
Is 60874831 prime?
True
Is 2806809 composite?
True
Is 10548103 composite?
False
Is 88478009 prime?
True
Is 51204623 a composite number?
True
Is 158058481 a prime number?
False
Is 121635029 a prime number?
True
Is 656283 prime?
False
Is 3174781 prime?
True
Is 131378221 prime?
False
Is 1619507 a prime number?
True
Is 2654929 a prime number?
False
Is 784301221 prime?
False
Is 2661171 prime?
False
Is 41434747 a composite number?
False
Is 6153577 composite?
False
Is 29718685 composite?
True
Is 3128803 composite?
False
Is 32269507 composite?
False
Is 928597 prime?
True
Is 10479097 composite?
False
Is 327571547 composite?
True
Is 271501481 a composite number?
False
Is 16081679 a prime number?
True
Is 32929253 a composite number?
True
Is 4800737 a composite number?
False
Is 9552689 a prime number?
True
Is 30060091 prime?
False
Is 613326523 a prime number?
True
Is 1560061 prime?
False
Is 67801511 a composite number?
False
Is 2444241 composite?
True
Is 6423257 prime?
True
Is 203380447 a composite number?
False
Is 7323259 prime?
True
Is 44797657 composite?
False
Is 3099667 prime?
True
Is 270197 a composite number?
True
Is 3025991 prime?
False
Is 94072369 composite?
True
Is 1868599 prime?
True
Is 209489177 composite?
False
Is 256595113 prime?
True
Is 47100659 a composite number?
True
Is 385237018 a prime number?
False
Is 5018171 prime?
False
Is 510653869 a prime number?
False
Is 1080809 prime?
False
Is 10214241 prime?
False
Is 6360815 prime?
False
Is 1709977 a composite number?
True
Is 106742429 composite?
False
Is 44297371 prime?
True
Is 2107471 prime?
False
Is 24749423 a composite number?
False
Is 322501 composite?
False
Is 5162873 a composite number?
True
Is 1667793 composite?
True
Is 14619173 prime?
False
Is 75629117 prime?
True
Is 39345193 composite?
False
Is 9601359 a composite number?
True
Is 7458691 a composite number?
True
Is 6322903 a composite number?
True
Is 5958227 a composite number?
True
Is 79194719 a composite number?
False
Is 10660073 a prime number?
True
Is 67332547 prime?
True
Is 768887 a composite number?
True
Is 13375033 a composite number?
True
Is 2889113 prime?
True
Is 57826141 prime?
True
Is 2339921 composite?
False
Is 192808319 prime?
False
Is 34255669 a prime number?
False
Is 113502343 a composite number?
False
Is 10801751 prime?
True
Is 1711669 a prime number?
True
Is 23735393 a prime number?
False
Is 3030298 a composite number?
True
Is 12271333 prime?
True
Is 10697899 a prime number?
True
Is 1954727 prime?
False
Is 319852649 composite?
False
Is 39855793 a composite number?
True
Is 229349163 a composite number?
True
Is 25624127 composite?
True
Is 90670399 composite?
True
Is 160444397 composite?
False
Is 12707491 a composite number?
True
Is 905591 prime?
False
Is 48611237 prime?
True
Is 2125033 composite?
True
Is 5087737 a composite number?
True
Is 4849045 composite?
True
Is 80495311 prime?
False
Is 223967 a composite number?
True
Is 175601321 composite?
True
Is 69492799 composite?
False
Is 14809253 composite?
True
Is 4480369 a composite number?
True
Is 5825623 a composite number?
True
Is 437333 a composite number?
True
Is 1584307 prime?
True
Is 94119581 a prime number?
False
Is 48663293 prime?
False
Is 308515367 composite?
False
Is 317159 prime?
True
Is 52262563 composite?
False
Is 6405811 prime?
True
Is 227053 composite?
False
Is 197707 a prime number?
False
Is 229007477 composite?
True
Is 5660231 a prime number?
False
Is 42388823 composite?
True
Is 105931351 prime?
True
Is 2908931 a prime number?
True
Is 11196343 a prime number?
True
Is 18485747 a prime number?
False
Is 44704171 a prime number?
True
Is 5273603 composite?
False
Is 7819271 a composite number?
False
Is 102671981 a composite number?
True
Is 42540271 composite?
True
Is 143784271 composite?
False
Is 15115813 prime?
False
Is 60236789 prime?
False
Is 3459641 composite?
False
Is 819707 a prime number?
False
Is 274953893 prime?
False
Is 1637491 composite?
True
Is 2566549 a composite number?
False
Is 5200906 prime?
False
Is 407622823 a composite number?
False
Is 3817339 composite?
False
Is 1617079 composite?
False
Is 3785071 a prime number?
True
Is 9560209 composite?
False
Is 25144297 prime?
False
Is 110034997 prime?
True
Is 25284773 prime?
False
Is 676384123 composite?
False
Is 155935781 a prime number?
False
Is 411627 prime?
False
Is 49688149 a composite number?
True
Is 12506119 prime?
False
Is 160867643 prime?
True
Is 314749423 a composite number?
False
Is 48841019 a composite number?
False
Is 25873717 composite?
False
Is 17474837 a prime number?
True
Is 2752493 prime?
True
Is 631453 a prime number?
True
Is 327473093 prime?
True
Is 24014607 a composite number?
True
Is 8296243 a composite number?
False
Is 2162239 a composite number?
False
Is 55424627 composite?
False
Is 366922949 a composite number?
False
Is 29223317 prime?
False
Is 17161766 a prime number?
False
Is 25771489 a prime number?
True
Is 78482351 a composite number?
False
Is 2293289 prime?
False
Is 22842851 a composite number?
False
Is 1845967 a composite number?
True
Is 4379887 a prime number?
True
Is 33756043 prime?
True
Is 59273893 a prime number?
False
Is 28616771 prime?
True
Is 2057431 a composite number?
False
Is 5870147 a prime number?
False
Is 50180491 a composite number?
True
Is 3421645 a prime number?
False
Is 9652961 prime?
True
Is 118141739 a composite number?
True
Is 120773227 a composite number?
False
Is 4446641 composite?
False
Is 307733 a composite number?
False
Is 11452729 a composite number?
True
Is 23416007 a prime number?
True
Is 5560421 a prime number?
True
Is 1389083 a composite number?
False
Is 36022379 a composite number?
True
Is 1190069 composite?
False
Is 23429201 a composite number?
False
Is 1028466491 a prime number?
False
Is 373847 a composite number?
True
Is 96728223 a prime number?
False
Is 39660623 prime?
False
Is 996335521 a prime number?
True
Is 207432887 a composite number?
True
Is 57355567 prime?
True
Is 499907189 a composite number?
False
Is 3609187 a composite number?
True
Is 925271 composite?
False
Is 17684453 a composite number?
False
Is 6740143 a composite number?
True
Is 7668382 composite?
True
Is 47803255 a prime number?
False
Is 104661542 a prime number?
False
Is 252409 composite?
False
Is 18022859 a prime number?
True
Is 228923 composite?
False
Is 77105527 a composite number?
False
Is 2097211 a composite number?
False
Is 40115357 composite?
True
Is 4185173 prime?
True
Is 440339 composite?
False
Is 26387359 prime?
True
Is 121632043 composite?
True
Is 